{"id":1888,"date":"2018-03-02T14:25:54","date_gmt":"2018-03-02T14:25:54","guid":{"rendered":"https:\/\/isolan.com.br\/armacell\/?post_type=product&#038;p=1888"},"modified":"2018-03-09T18:16:13","modified_gmt":"2018-03-09T18:16:13","slug":"fixadores-cinta-selo-rebite","status":"publish","type":"product","link":"https:\/\/isolan.com.br\/armacell\/produtos\/fixadores-cinta-selo-rebite\/","title":{"rendered":"Fixadores"},"content":{"rendered":"<div class=\"wpb-content-wrapper\"><p>[vc_row][vc_column width=&#8221;1\/3&#8243;][vc_gallery interval=&#8221;3&#8243; images=&#8221;1744&#8243; img_size=&#8221;full&#8221; onclick=&#8221;&#8221;][\/vc_column][vc_column width=&#8221;2\/3&#8243;]<div class=\"text-left\"><h2 style=\"color:\">Cintas<\/h2><div class=\"edge-seprator\"><\/div><\/div>[vc_column_text]Cintas utilizadas para o fechamentos do revestimento em Alum\u00ednio Corrugado, s\u00e3o resistentes a tra\u00e7\u00e3o permitindo o aperto adequado das chapas.<br \/>\nS\u00e3o fornecidas em rolos com as seguintes caracter\u00edsticas:<\/p>\n<ul class=\"list\">\n<li>Materiais: Alum\u00ednio, A\u00e7o Inoxid\u00e1vel, A\u00e7o Galvanizado<\/li>\n<li>Espessura: 0,5 mm<\/li>\n<li>Largura: 12,7 mm (1\/2&#8243;) e 19,1 mm (3\/4&#8243;)<\/li>\n<li>Embalagem: Rolos de 1 a 10 kg<\/li>\n<\/ul>\n<p>[\/vc_column_text][\/vc_column][\/vc_row][vc_row][vc_column][vc_separator][\/vc_column][\/vc_row][vc_row][vc_column width=&#8221;1\/3&#8243;][vc_gallery interval=&#8221;3&#8243; images=&#8221;1890,1891&#8243; img_size=&#8221;full&#8221; onclick=&#8221;&#8221;][\/vc_column][vc_column width=&#8221;2\/3&#8243;]<div class=\"text-left\"><h2 style=\"color:\">Selos VR<\/h2><div class=\"edge-seprator\"><\/div><\/div>[vc_column_text]Os Selos VR s\u00e3o extremamente resistentes as fortes tens\u00f5es das cintas.<\/p>\n<ul class=\"list\">\n<li>Materiais: Alum\u00ednio, A\u00e7o Inoxid\u00e1vel, A\u00e7o Galvanizado<\/li>\n<li>Espessura:\u00a01,0mm<\/li>\n<li>Largura: 12,7 mm (1\/2&#8243;) e 19,1 mm (3\/4&#8243;)<\/li>\n<li>Embalagem: Pacote com 100 unidades<\/li>\n<\/ul>\n<p>[\/vc_column_text][\/vc_column][\/vc_row][vc_row][vc_column][vc_separator][\/vc_column][\/vc_row][vc_row][vc_column width=&#8221;1\/3&#8243;][vc_gallery interval=&#8221;3&#8243; images=&#8221;1712&#8243; img_size=&#8221;full&#8221; onclick=&#8221;&#8221;][\/vc_column][vc_column width=&#8221;2\/3&#8243;]<div class=\"text-left\"><h2 style=\"color:\">Arames Galvanizados<\/h2><div class=\"edge-seprator\"><\/div><\/div>[vc_column_text]Os Arames Galvanizados s\u00e3o utilizados em diversas aplica\u00e7\u00f5es, \u00e9 muito resistente e possui \u00f3timo acabamento.<\/p>\n<ul class=\"list\">\n<li>Materiais: A\u00e7o Galvanizado<\/li>\n<li>Bitolas: BWG18 (1,24mm) \/ BWG16 (1,65MM)<\/li>\n<li>Embalagem: Rolos com 1,0 kg<\/li>\n<\/ul>\n<p>[\/vc_column_text][\/vc_column][\/vc_row][vc_row][vc_column][vc_separator][\/vc_column][\/vc_row][vc_row][vc_column width=&#8221;1\/3&#8243;][vc_gallery interval=&#8221;3&#8243; images=&#8221;1746,1747,1748,1749&#8243; img_size=&#8221;full&#8221;][\/vc_column][vc_column width=&#8221;2\/3&#8243;]<div class=\"text-left\"><h2 style=\"color:\">Fechos R\u00e1pidos<\/h2><div class=\"edge-seprator\"><\/div><\/div>[vc_column_text]Os Fechos R\u00e1pidos s\u00e3o utilizados em processos que necessitam de fechamento \u00e1gil e seguro.<\/p>\n<ul class=\"list\">\n<li>Materiais: A\u00e7o Zincado Eletrol\u00edtico Azulado, Alum\u00ednio e Inox<\/li>\n<li>Tamanhos: Pequeno e Grande<\/li>\n<li>Embalagem: Pacote com 10 unidades<\/li>\n<\/ul>\n<p>[\/vc_column_text][\/vc_column][\/vc_row][vc_row][vc_column][vc_separator][\/vc_column][\/vc_row][vc_row][vc_column width=&#8221;1\/3&#8243;][vc_gallery interval=&#8221;3&#8243; images=&#8221;1756&#8243; img_size=&#8221;full&#8221; onclick=&#8221;&#8221;][\/vc_column][vc_column width=&#8221;2\/3&#8243;]<div class=\"text-left\"><h2 style=\"color:\">Fita Pl\u00e1stica de Arquear<\/h2><div class=\"edge-seprator\"><\/div><\/div>[vc_column_text]Fitas Pl\u00e1sticas de polipropileno (PP), muito resistente e 100% recicl\u00e1vel. Fixa\u00e7\u00e3o manual com Fivela pl\u00e1stica.<\/p>\n<ul class=\"list\">\n<li>Materiais: Resina de Polipropileno (PP)<\/li>\n<li>Tamanhos: Largura 10mm \/ Espessura 0,65mm<\/li>\n<li>Embalagem: Rolo com aproximadamente 500 metros.<\/li>\n<\/ul>\n<p>[\/vc_column_text][\/vc_column][\/vc_row][vc_row][vc_column][vc_separator][\/vc_column][\/vc_row][vc_row][vc_column width=&#8221;1\/3&#8243;][vc_gallery interval=&#8221;3&#8243; images=&#8221;1980,1889&#8243; img_size=&#8221;full&#8221; onclick=&#8221;&#8221;][\/vc_column][vc_column width=&#8221;2\/3&#8243;]<div class=\"text-left\"><h2 style=\"color:\">Rebites de Repuxo e Parafusos<\/h2><div class=\"edge-seprator\"><\/div><\/div>[vc_column_text]Rebites de Repuxo s\u00e3o indicados para unir pe\u00e7as met\u00e1licas.<\/p>\n<ul class=\"list\">\n<li>Materiais: Alum\u00ednio e Inox<\/li>\n<li>Medidas: 3,2 x 10mm (310) \/ 3,2 x 12mm (312)<\/li>\n<li>Embalagem: Caixa com 1000 unidades<\/li>\n<\/ul>\n<p>Consulte tamb\u00e9m Parafusos auto atarraxantes, cabe\u00e7a de panelas.[\/vc_column_text][\/vc_column][\/vc_row]<\/p>\n<\/div>","protected":false},"excerpt":{"rendered":"<p>Linha completa de acess\u00f3rios para Fixa\u00e7\u00e3o.<\/p>\n","protected":false},"featured_media":1979,"template":"","meta":[],"product_brand":[],"product_cat":[68],"product_tag":[82,89,85,88,92,83,91,84,90,93,87,86],"class_list":{"0":"post-1888","1":"product","2":"type-product","3":"status-publish","4":"has-post-thumbnail","6":"product_cat-acessorios","7":"product_tag-aluminio","8":"product_tag-arame","9":"product_tag-cinta","10":"product_tag-fecho-rapido","11":"product_tag-fivela","12":"product_tag-fixadores","13":"product_tag-galvanizado","14":"product_tag-inox","15":"product_tag-parafuso","16":"product_tag-plastica","17":"product_tag-rebite","18":"product_tag-selo","20":"first","21":"instock","22":"shipping-taxable","23":"product-type-simple"},"_links":{"self":[{"href":"https:\/\/isolan.com.br\/armacell\/wp-json\/wp\/v2\/product\/1888","targetHints":{"allow":["GET"]}}],"collection":[{"href":"https:\/\/isolan.com.br\/armacell\/wp-json\/wp\/v2\/product"}],"about":[{"href":"https:\/\/isolan.com.br\/armacell\/wp-json\/wp\/v2\/types\/product"}],"wp:featuredmedia":[{"embeddable":true,"href":"https:\/\/isolan.com.br\/armacell\/wp-json\/wp\/v2\/media\/1979"}],"wp:attachment":[{"href":"https:\/\/isolan.com.br\/armacell\/wp-json\/wp\/v2\/media?parent=1888"}],"wp:term":[{"taxonomy":"product_brand","embeddable":true,"href":"https:\/\/isolan.com.br\/armacell\/wp-json\/wp\/v2\/product_brand?post=1888"},{"taxonomy":"product_cat","embeddable":true,"href":"https:\/\/isolan.com.br\/armacell\/wp-json\/wp\/v2\/product_cat?post=1888"},{"taxonomy":"product_tag","embeddable":true,"href":"https:\/\/isolan.com.br\/armacell\/wp-json\/wp\/v2\/product_tag?post=1888"}],"curies":[{"name":"wp","href":"https:\/\/api.w.org\/{rel}","templated":true}]}}