{"id":2403,"date":"2022-08-01T11:26:26","date_gmt":"2022-08-01T14:26:26","guid":{"rendered":"https:\/\/isolan.com.br\/armacell\/?post_type=product&#038;p=2403"},"modified":"2023-01-27T15:40:14","modified_gmt":"2023-01-27T18:40:14","slug":"armaflex-afbr","status":"publish","type":"product","link":"https:\/\/isolan.com.br\/armacell\/produtos\/armaflex-afbr\/","title":{"rendered":"Espuma Elastom\u00e9rica Armaflex AFBR"},"content":{"rendered":"<div class=\"wpb-content-wrapper\"><p>[vc_row 0=&#8221;&#8221;][vc_column 0=&#8221;&#8221;][vc_column_text 0=&#8221;&#8221;]Isolante t\u00e9rmico em espuma elastom\u00e9rica de c\u00e9lulas fechadas em forma de mantas e tubos, flex\u00edvel e de alto desempenho. Indicado para isola\u00e7\u00f5es em baixas temperaturas e sistemas de aquecimento, com \u00f3tima performance entre -50\u00baC a +110\u00baC.<\/p>\n<blockquote><p>ISOLAMENTO T\u00c9RMICO PARA BAIXAS E M\u00c9DIAS TEMPERATURAS<\/p><\/blockquote>\n<p>Por ser bastante vers\u00e1teis, os tubos e mantas de espuma elastom\u00e9rica s\u00e3o perfeitos para sistemas de climatiza\u00e7\u00e3o e aquecimento solar, com\u00e9rcio, laborat\u00f3rios e ind\u00fastrias em geral. Em caso de inc\u00eandio, o produto \u00e9 auto-extingu\u00edvel, n\u00e3o goteja e n\u00e3o propaga chama.<\/p>\n<p>Na Isolan voc\u00ea encontra a espuma elastom\u00e9rica dispon\u00edvel em forma de Tubos e Mantas simples e <a href=\"https:\/\/isolan.com.br\/armacell\/produtos\/manta-armaduct\/\">Manta Armaduct<\/a> (manta com faces metalizadas e\/ou adesivadas), al\u00e9m de todos os acess\u00f3rios para aplica\u00e7\u00e3o. Para o dimensionamento correto, entre em contato com nosso departamento de vendas.[\/vc_column_text][\/vc_column][\/vc_row][vc_row 0=&#8221;&#8221;][vc_column 0=&#8221;&#8221;]<div class=\"text-left\"><h2 style=\"color:\">LINHA ARMAFLEX AFBR<\/h2><div class=\"edge-seprator\"><\/div><\/div>[vc_column_text 0=&#8221;&#8221;]A linha Armaflex AF BR conta com o Microban, prote\u00e7\u00e3o antimicrobiana eficaz e duradoura contra fungos causadores de contamina\u00e7\u00e3o e manchas de bolor de dif\u00edcil remo\u00e7\u00e3o, contribuindo para a durabilidade da instala\u00e7\u00e3o.[\/vc_column_text][vc_single_image image=&#8221;2305&#8243; img_size=&#8221;full&#8221; alignment=&#8221;center&#8221;][vc_column_text 0=&#8221;&#8221;]As espessuras t\u00e9cnico-crescentes garantem o controle de condensa\u00e7\u00e3o das tubula\u00e7\u00f5es. Os tubos da linha Armaflex AF BR s\u00e3o divididos em fam\u00edlias denominadas por letra (M, R, T e U), e suas espessuras variam de acordo com o di\u00e2metro da tubula\u00e7\u00e3o. Isso porque ao comparar o isolamento de elementos cil\u00edndricos aos planos, nota-se que nos cil\u00edndricos a superf\u00edcie de face quente (A1) tem \u00e1rea maior que a face fria (A2), por este motivo as espessuras do isolante s\u00e3o crescentes.[\/vc_column_text][vc_single_image image=&#8221;2304&#8243; img_size=&#8221;&#8221; alignment=&#8221;center&#8221;][vc_column_text 0=&#8221;&#8221;]<strong>PROPRIEDADES<\/strong><\/p>\n\n<table id=\"tablepress-10\" class=\"tablepress tablepress-id-10\">\n<thead>\n<tr class=\"row-1\">\n\t<th class=\"column-1\">Propriedades<\/th><th class=\"column-2\">Valor \/ Qualifica\u00e7\u00e3o<\/th><th class=\"column-3\">Observa\u00e7\u00f5es<\/th>\n<\/tr>\n<\/thead>\n<tbody class=\"row-striping row-hover\">\n<tr class=\"row-2\">\n\t<td class=\"column-1\">Temperatura de trabalho<\/td><td class=\"column-2\">-50\u00baC a +110\u00baC<\/td><td class=\"column-3\"><\/td>\n<\/tr>\n<tr class=\"row-3\">\n\t<td class=\"column-1\">Condutividade t\u00e9rmica<\/td><td class=\"column-2\">\u03bb (0\u00baC) \u2264 0,033 W\/(m.K)<\/td><td class=\"column-3\">ASTM C177 e ASTM C518<\/td>\n<\/tr>\n<tr class=\"row-4\">\n\t<td class=\"column-1\">Fator de resist\u00eancia a difus\u00e3o de vapor de \u00e1gua<\/td><td class=\"column-2\">\u00b5 \u2265 10000<\/td><td class=\"column-3\">ASTM E96<\/td>\n<\/tr>\n<tr class=\"row-5\">\n\t<td class=\"column-1\">Resist\u00eancia ao fogo<\/td><td class=\"column-2\">CLASS 1<\/td><td class=\"column-3\">BS 476: part 7<\/td>\n<\/tr>\n<tr class=\"row-6\">\n\t<td class=\"column-1\">Estrutura celular<\/td><td class=\"column-2\">C\u00e9lulas fechadas<\/td><td class=\"column-3\"><\/td>\n<\/tr>\n<\/tbody>\n<\/table>\n<!-- #tablepress-10 from cache -->\n<p>&nbsp;<\/p>\n<p><strong>TABELA DE DIMENS\u00d5ES<\/strong><\/p>\n\n<table id=\"tablepress-11\" class=\"tablepress tablepress-id-11 tbody-has-connected-cells\">\n<thead>\n<tr class=\"row-1\">\n\t<th colspan=\"2\" class=\"column-1\"><center>Tubula\u00e7\u00e3o em cobre<br \/>\n(Cu)<\/center><\/th><th colspan=\"2\" class=\"column-3\"><center>Tubula\u00e7\u00e3o em ferro<br \/>\n(Fe)<\/th><th class=\"column-5\"><center>Tubos AF Armaflex BR<\/th><th colspan=\"2\" class=\"column-6\"><center>M<br \/>\n19,0 a 26,0mm<\/th><th colspan=\"2\" class=\"column-8\"><center>R<br \/>\n25,0 a 32,5mm<\/th><th colspan=\"2\" class=\"column-10\"><center>T<br \/>\n32,0 a 45,0mm<\/th><th colspan=\"2\" class=\"column-12\"><center>U<br \/>\n44,0 a 55,5mm<\/th>\n<\/tr>\n<\/thead>\n<tbody class=\"row-striping row-hover\">\n<tr class=\"row-2\">\n\t<td class=\"column-1\"><center>Di\u00e2metro Externo (mm)<\/td><td class=\"column-2\"><center>Di\u00e2metro Nominal (Polegadas)<\/td><td class=\"column-3\"><center>Di\u00e2metro Nominal (Polegadas)<\/td><td class=\"column-4\"><center>Di\u00e2metro Externo (mm)<\/td><td class=\"column-5\"><center>Di\u00e2metro Interno<br \/>\nMin-M\u00e1x.<br \/>\n(mm)<\/td><td class=\"column-6\"><center>Ref.<\/td><td class=\"column-7\"><center>Espessura (mm)<\/td><td class=\"column-8\"><center>Ref.<\/td><td class=\"column-9\"><center>Espessura (mm)<\/td><td class=\"column-10\"><center>Ref.<\/td><td class=\"column-11\"><center>Espessura (mm)<\/td><td class=\"column-12\"><center>Ref.<\/td><td class=\"column-13\"><center>Espessura (mm)<\/td>\n<\/tr>\n<tr class=\"row-3\">\n\t<td class=\"column-1\"><center>6<\/td><td class=\"column-2\"><center>1\/4\"<\/td><td class=\"column-3\"><center>-<\/td><td class=\"column-4\"><center>-<\/td><td class=\"column-5\"><center>7,0 a 8,5<\/td><td class=\"column-6\"><center>AFBR M 006<\/td><td class=\"column-7\"><center>19<\/td><td class=\"column-8\"><center>-<\/td><td class=\"column-9\"><center>-<\/td><td class=\"column-10\"><center>-<\/td><td class=\"column-11\"><center>-<\/td><td class=\"column-12\"><center>-<\/td><td class=\"column-13\"><center>-<\/td>\n<\/tr>\n<tr class=\"row-4\">\n\t<td class=\"column-1\"><center>10<\/td><td class=\"column-2\"><center>3\/8\"<\/td><td class=\"column-3\"><center>1\/8\"<\/td><td class=\"column-4\"><center>10,2<\/td><td class=\"column-5\"><center>11,0 a 12,5<\/td><td class=\"column-6\"><center>AFBR M 010<\/td><td class=\"column-7\"><center>19<\/td><td class=\"column-8\"><center>AFBR R 010<\/td><td class=\"column-9\"><center>25<\/td><td class=\"column-10\"><center>AFBR T 010<\/td><td class=\"column-11\"><center>32<\/td><td class=\"column-12\"><center>AFBR U 010<\/td><td class=\"column-13\"><center>44<\/td>\n<\/tr>\n<tr class=\"row-5\">\n\t<td class=\"column-1\"><center>12<\/td><td class=\"column-2\"><center>1\/2\"<\/td><td class=\"column-3\"><center>-<\/td><td class=\"column-4\"><center>-<\/td><td class=\"column-5\"><center>13,0 a 14,5<\/td><td class=\"column-6\"><center>AFBR M 012<\/td><td class=\"column-7\"><center>19<\/td><td class=\"column-8\"><center>AFBR R 012<\/td><td class=\"column-9\"><center>25<\/td><td class=\"column-10\"><center>AFBR T 012<\/td><td class=\"column-11\"><center>32<\/td><td class=\"column-12\"><center>AFBR U 012<\/td><td class=\"column-13\"><center>44<\/td>\n<\/tr>\n<tr class=\"row-6\">\n\t<td class=\"column-1\"><center>15<\/td><td class=\"column-2\"><center>5\/8\"<\/td><td class=\"column-3\"><center>1\/4\"<\/td><td class=\"column-4\"><center>13,5<\/td><td class=\"column-5\"><center>16,0 a 17,5<\/td><td class=\"column-6\"><center>AFBR M 015<\/td><td class=\"column-7\"><center>19<\/td><td class=\"column-8\"><center>AFBR R 015<\/td><td class=\"column-9\"><center>25<\/td><td class=\"column-10\"><center>AFBR T 015<\/td><td class=\"column-11\"><center>32<\/td><td class=\"column-12\"><center>AFBR U 015<\/td><td class=\"column-13\"><center>44<\/td>\n<\/tr>\n<tr class=\"row-7\">\n\t<td class=\"column-1\"><center>18<\/td><td class=\"column-2\"><center>3\/4\"<\/td><td class=\"column-3\"><center>3\/8\"<\/td><td class=\"column-4\"><center>17,2<\/td><td class=\"column-5\"><center>19,0 a 20,5<\/td><td class=\"column-6\"><center>AFBR M 018<\/td><td class=\"column-7\"><center>19<\/td><td class=\"column-8\"><center>AFBR R 018<\/td><td class=\"column-9\"><center>25<\/td><td class=\"column-10\"><center>AFBR T 018<\/td><td class=\"column-11\"><center>32<\/td><td class=\"column-12\"><center>AFBR U 018<\/td><td class=\"column-13\"><center>44<\/td>\n<\/tr>\n<tr class=\"row-8\">\n\t<td class=\"column-1\"><center>22<\/td><td class=\"column-2\"><center>7\/8\"<\/td><td class=\"column-3\"><center>1\/2\"<\/td><td class=\"column-4\"><center>21,3<\/td><td class=\"column-5\"><center>23,0 a 24,5<\/td><td class=\"column-6\"><center>AFBR M 022<\/td><td class=\"column-7\"><center>20<\/td><td class=\"column-8\"><center>AFBR R 022<\/td><td class=\"column-9\"><center>25<\/td><td class=\"column-10\"><center>AFBR T 022<\/td><td class=\"column-11\"><center>32<\/td><td class=\"column-12\"><center>AFBR U 022<\/td><td class=\"column-13\"><center>44<\/td>\n<\/tr>\n<tr class=\"row-9\">\n\t<td class=\"column-1\"><center>25<\/td><td class=\"column-2\"><center>1\"<\/td><td class=\"column-3\"><center>-<\/td><td class=\"column-4\"><center>-<\/td><td class=\"column-5\"><center>26,0 a 27,5<\/td><td class=\"column-6\"><center>AFBR M 025<\/td><td class=\"column-7\"><center>20,5<\/td><td class=\"column-8\"><center>AFBR R 025<\/td><td class=\"column-9\"><center>25<\/td><td class=\"column-10\"><center>AFBR T 025<\/td><td class=\"column-11\"><center>32<\/td><td class=\"column-12\"><center>-<\/td><td class=\"column-13\"><center>-<\/td>\n<\/tr>\n<tr class=\"row-10\">\n\t<td class=\"column-1\"><center>28<\/td><td class=\"column-2\"><center>1.1\/8\"<\/td><td class=\"column-3\"><center>3\/4\"<\/td><td class=\"column-4\"><center>26,9<\/td><td class=\"column-5\"><center>29,0 a 30,5<\/td><td class=\"column-6\"><center>AFBR M 028<\/td><td class=\"column-7\"><center>21<\/td><td class=\"column-8\"><center>AFBR R 028<\/td><td class=\"column-9\"><center>25<\/td><td class=\"column-10\"><center>AFBR T 028<\/td><td class=\"column-11\"><center>33,5<\/td><td class=\"column-12\"><center>AFBR U 028<\/td><td class=\"column-13\"><center>46<\/td>\n<\/tr>\n<tr class=\"row-11\">\n\t<td class=\"column-1\"><center>32<\/td><td class=\"column-2\"><center>1.1\/4\"<\/td><td class=\"column-3\"><center>-<\/td><td class=\"column-4\"><center>-<\/td><td class=\"column-5\"><center>32,0 a 35,0<\/td><td class=\"column-6\"><center>AFBR M 032<\/td><td class=\"column-7\"><center>21,5<\/td><td class=\"column-8\"><center>AFBR R 032<\/td><td class=\"column-9\"><center>27<\/td><td class=\"column-10\"><center>AFBR T 032<\/td><td class=\"column-11\"><center>35<\/td><td class=\"column-12\"><center>-<\/td><td class=\"column-13\"><center>-<\/td>\n<\/tr>\n<tr class=\"row-12\">\n\t<td class=\"column-1\"><center>35<\/td><td class=\"column-2\"><center>1.3\/8\"<\/td><td class=\"column-3\"><center>1\"<\/td><td class=\"column-4\"><center>33,7<\/td><td class=\"column-5\"><center>36,0 a 38,0<\/td><td class=\"column-6\"><center>AFBR M 035<\/td><td class=\"column-7\"><center>21,5<\/td><td class=\"column-8\"><center>AFBR R 035<\/td><td class=\"column-9\"><center>27<\/td><td class=\"column-10\"><center>AFBR T 035<\/td><td class=\"column-11\"><center>35<\/td><td class=\"column-12\"><center>AFBR U 035<\/td><td class=\"column-13\"><center>48<\/td>\n<\/tr>\n<tr class=\"row-13\">\n\t<td class=\"column-1\"><center>38<\/td><td class=\"column-2\"><center>1.1\/2\"<\/td><td class=\"column-3\"><center>-<\/td><td class=\"column-4\"><center>-<\/td><td class=\"column-5\"><center>39,0 a 41,0<\/td><td class=\"column-6\"><center>AFBR M 038<\/td><td class=\"column-7\"><center>22<\/td><td class=\"column-8\"><center>AFBR R 038<\/td><td class=\"column-9\"><center>27<\/td><td class=\"column-10\"><center>-<\/td><td class=\"column-11\"><center>-<\/td><td class=\"column-12\"><center>-<\/td><td class=\"column-13\"><center>-<\/td>\n<\/tr>\n<tr class=\"row-14\">\n\t<td class=\"column-1\"><center>42<\/td><td class=\"column-2\"><center>1.5\/8\"<\/td><td class=\"column-3\"><center>1.1\/4\"<\/td><td class=\"column-4\"><center>42,4<\/td><td class=\"column-5\"><center>43,5 a 45,5<\/td><td class=\"column-6\"><center>AFBR M 042<\/td><td class=\"column-7\"><center>22<\/td><td class=\"column-8\"><center>AFBR R 042<\/td><td class=\"column-9\"><center>27<\/td><td class=\"column-10\"><center>AFBR T 042<\/td><td class=\"column-11\"><center>36,5<\/td><td class=\"column-12\"><center>AFBR U 042<\/td><td class=\"column-13\"><center>50<\/td>\n<\/tr>\n<tr class=\"row-15\">\n\t<td class=\"column-1\"><center>48<\/td><td class=\"column-2\"><center>1.7\/8\"<\/td><td class=\"column-3\"><center>1.1\/2\"<\/td><td class=\"column-4\"><center>48,3<\/td><td class=\"column-5\"><center>49,5 a 51,5<\/td><td class=\"column-6\"><center>AFBR M 048<\/td><td class=\"column-7\"><center>22,5<\/td><td class=\"column-8\"><center>AFBR R 048<\/td><td class=\"column-9\"><center>27,5<\/td><td class=\"column-10\"><center>AFBR T 048<\/td><td class=\"column-11\"><center>37,5<\/td><td class=\"column-12\"><center>AFBR U 048<\/td><td class=\"column-13\"><center>51,5<\/td>\n<\/tr>\n<tr class=\"row-16\">\n\t<td class=\"column-1\"><center>54<\/td><td class=\"column-2\"><center>2.1\/8\"<\/td><td class=\"column-3\"><center>-<\/td><td class=\"column-4\"><center>-<\/td><td class=\"column-5\"><center>55,0 a 57,0<\/td><td class=\"column-6\"><center>AFBR M 054<\/td><td class=\"column-7\"><center>23<\/td><td class=\"column-8\"><center>AFBR R 054<\/td><td class=\"column-9\"><center>28,5<\/td><td class=\"column-10\"><center>AFBR T 054<\/td><td class=\"column-11\"><center>38<\/td><td class=\"column-12\"><center>AFBR U 054<\/td><td class=\"column-13\"><center>52<\/td>\n<\/tr>\n<tr class=\"row-17\">\n\t<td class=\"column-1\"><center>60<\/td><td class=\"column-2\"><center>2.3\/8\"<\/td><td class=\"column-3\"><center>2\"<\/td><td class=\"column-4\"><center>60,3<\/td><td class=\"column-5\"><center>61,5 a 63,5<\/td><td class=\"column-6\"><center>AFBR M 060<\/td><td class=\"column-7\"><center>23,5<\/td><td class=\"column-8\"><center>AFBR R 060<\/td><td class=\"column-9\"><center>29<\/td><td class=\"column-10\"><center>AFBR T 060<\/td><td class=\"column-11\"><center>39<\/td><td class=\"column-12\"><center>AFBR U 060<\/td><td class=\"column-13\"><center>53,5<\/td>\n<\/tr>\n<tr class=\"row-18\">\n\t<td class=\"column-1\"><center>67<\/td><td class=\"column-2\"><center>2.5\/8\"<\/td><td class=\"column-3\"><center>-<\/td><td class=\"column-4\"><center>-<\/td><td class=\"column-5\"><center>67,0 a 70,0<\/td><td class=\"column-6\"><center>AFBR M 067<\/td><td class=\"column-7\"><center>23,5<\/td><td class=\"column-8\"><center>AFBR R 067<\/td><td class=\"column-9\"><center>30<\/td><td class=\"column-10\"><center>AFBR T 067<\/td><td class=\"column-11\"><center>39,5<\/td><td class=\"column-12\"><center>AFBR U 067<\/td><td class=\"column-13\"><center>55<\/td>\n<\/tr>\n<tr class=\"row-19\">\n\t<td class=\"column-1\"><center>76<\/td><td class=\"column-2\"><center>3\"<\/td><td class=\"column-3\"><center>2.1\/2\"<\/td><td class=\"column-4\"><center>76,1<\/td><td class=\"column-5\"><center>77,0 a 79,5<\/td><td class=\"column-6\"><center>AFBR M 076<\/td><td class=\"column-7\"><center>24<\/td><td class=\"column-8\"><center>AFBR R 076<\/td><td class=\"column-9\"><center>30<\/td><td class=\"column-10\"><center>AFBR T 076<\/td><td class=\"column-11\"><center>40,5<\/td><td class=\"column-12\"><center>AFBR U 076<\/td><td class=\"column-13\"><center>55,5<\/td>\n<\/tr>\n<tr class=\"row-20\">\n\t<td class=\"column-1\"><center>89<\/td><td class=\"column-2\"><center>3.1\/2\"<\/td><td class=\"column-3\"><center>3\"<\/td><td class=\"column-4\"><center>88,9<\/td><td class=\"column-5\"><center>90,5 a 93,5<\/td><td class=\"column-6\"><center>AFBR M 089<\/td><td class=\"column-7\"><center>24,5<\/td><td class=\"column-8\"><center>AFBR R 089<\/td><td class=\"column-9\"><center>30,5<\/td><td class=\"column-10\"><center>AFBR T 089<\/td><td class=\"column-11\"><center>41,5<\/td><td class=\"column-12\"><center>-<\/td><td class=\"column-13\"><center>-<\/td>\n<\/tr>\n<tr class=\"row-21\">\n\t<td class=\"column-1\"><center>102<\/td><td class=\"column-2\"><center>4\"<\/td><td class=\"column-3\"><center>3.1\/2\"<\/td><td class=\"column-4\"><center>101,6<\/td><td class=\"column-5\"><center>105,0 a 108,0<\/td><td class=\"column-6\"><center>AFBR M 102<\/td><td class=\"column-7\"><center>25<\/td><td class=\"column-8\"><center>AFBR R 102<\/td><td class=\"column-9\"><center>31,5<\/td><td class=\"column-10\"><center>AFBR T 102<\/td><td class=\"column-11\"><center>42,5<\/td><td class=\"column-12\"><center>-<\/td><td class=\"column-13\"><center>-<\/td>\n<\/tr>\n<tr class=\"row-22\">\n\t<td class=\"column-1\"><center>114<\/td><td class=\"column-2\"><center>-<\/td><td class=\"column-3\"><center>4\"<\/td><td class=\"column-4\"><center>114,3<\/td><td class=\"column-5\"><center>116,0 a 120,0<\/td><td class=\"column-6\"><center>AFBR M 114<\/td><td class=\"column-7\"><center>25,5<\/td><td class=\"column-8\"><center>AFBR R 114<\/td><td class=\"column-9\"><center>31,5<\/td><td class=\"column-10\"><center>AFBR T 114<\/td><td class=\"column-11\"><center>43<\/td><td class=\"column-12\"><center>-<\/td><td class=\"column-13\"><center>-<\/td>\n<\/tr>\n<tr class=\"row-23\">\n\t<td class=\"column-1\"><center>140<\/td><td class=\"column-2\"><center>-<\/td><td class=\"column-3\"><center>5\"<\/td><td class=\"column-4\"><center>139,7<\/td><td class=\"column-5\"><center>142,0 a 146,0<\/td><td class=\"column-6\"><center>AFBR M 140<\/td><td class=\"column-7\"><center>26<\/td><td class=\"column-8\"><center>AFBR R 140<\/td><td class=\"column-9\"><center>32<\/td><td class=\"column-10\"><center>AFBR T 140<\/td><td class=\"column-11\"><center>44,5<\/td><td class=\"column-12\"><center>-<\/td><td class=\"column-13\"><center>-<\/td>\n<\/tr>\n<tr class=\"row-24\">\n\t<td class=\"column-1\"><center>168<\/td><td class=\"column-2\"><center>-<\/td><td class=\"column-3\"><center>6\"<\/td><td class=\"column-4\"><center>168,3<\/td><td class=\"column-5\"><center>170,0 a 176,0<\/td><td class=\"column-6\"><center>AFBR M 168<\/td><td class=\"column-7\"><center>26<\/td><td class=\"column-8\"><center>AFBR R 168<\/td><td class=\"column-9\"><center>32,5<\/td><td class=\"column-10\"><center>AFBR T 168<\/td><td class=\"column-11\"><center>45<\/td><td class=\"column-12\"><center>-<\/td><td class=\"column-13\"><center>-<\/td>\n<\/tr>\n<tr class=\"row-25\">\n\t<td colspan=\"3\" class=\"column-1\">Toler\u00e2ncia na espessura<\/td><td class=\"column-4\"><\/td><td class=\"column-5\"><\/td><td class=\"column-6\"><center>\u00b1 2,5mm<\/td><td class=\"column-7\"><\/td><td class=\"column-8\"><center>\u00b1 2,5mm<\/td><td class=\"column-9\"><\/td><td class=\"column-10\"><center>\u00b1 3,0mm<\/td><td class=\"column-11\"><\/td><td class=\"column-12\"><center>\u00b1 3,5mm<\/td><td class=\"column-13\"><\/td>\n<\/tr>\n<tr class=\"row-26\">\n\t<td colspan=\"3\" class=\"column-1\">Toler\u00e2ncia no comprimento<\/td><td class=\"column-4\"><\/td><td class=\"column-5\"><\/td><td colspan=\"8\" class=\"column-6\"><center>\u00b1 1,5%<\/td>\n<\/tr>\n<tr class=\"row-27\">\n\t<td colspan=\"3\" class=\"column-1\">Comprimento do tubo<\/td><td class=\"column-4\"><\/td><td class=\"column-5\"><\/td><td class=\"column-6\"><center>2000mm<\/td><td class=\"column-7\"><\/td><td class=\"column-8\"><center>2000mm<\/td><td class=\"column-9\"><\/td><td class=\"column-10\"><center>2000mm<\/td><td class=\"column-11\"><\/td><td class=\"column-12\"><center>2000mm<\/td><td class=\"column-13\"><\/td>\n<\/tr>\n<\/tbody>\n<\/table>\n<!-- #tablepress-11 from cache -->\n<p>&nbsp;<\/p>\n<p>\n<table id=\"tablepress-12\" class=\"tablepress tablepress-id-12 tbody-has-connected-cells\">\n<thead>\n<tr class=\"row-1\">\n\t<td class=\"column-1\"><\/td><th colspan=\"2\" class=\"column-2\"><center> Mantas Standard em rolos<\/th><th colspan=\"2\" class=\"column-4\"><center> Mantas Autoadesivas em rolos<\/th>\n<\/tr>\n<\/thead>\n<tbody class=\"row-striping row-hover\">\n<tr class=\"row-2\">\n\t<td class=\"column-1\"><center>Espessura (mm)<\/td><td class=\"column-2\"><center>Refer\u00eancia<\/td><td class=\"column-3\"><center>Dimens\u00f5es (m)<\/td><td class=\"column-4\"><center>Refer\u00eancia<\/td><td class=\"column-5\"><center>Dimens\u00f5es (m)<\/td>\n<\/tr>\n<tr class=\"row-3\">\n\t<td class=\"column-1\"><center>6<\/td><td class=\"column-2\"><center>AFBR 06 100 E<\/td><td class=\"column-3\"><center>30 x 1<\/td><td class=\"column-4\"><center>AFBR 06 100 EA<\/td><td class=\"column-5\"><center>30 x 1<\/td>\n<\/tr>\n<tr class=\"row-4\">\n\t<td class=\"column-1\"><center>10<\/td><td class=\"column-2\"><center>AFBR 10 100 E<\/td><td class=\"column-3\"><center>20 x 1<\/td><td class=\"column-4\"><center>AFBR 10 100 EA<\/td><td class=\"column-5\"><center>20 x 1<\/td>\n<\/tr>\n<tr class=\"row-5\">\n\t<td class=\"column-1\"><center>13<\/td><td class=\"column-2\"><center>AFBR 13 100 E<\/td><td class=\"column-3\"><center>15 x 1<\/td><td class=\"column-4\"><center>AFBR 13 100 EA<\/td><td class=\"column-5\"><center>15 x 1<\/td>\n<\/tr>\n<tr class=\"row-6\">\n\t<td class=\"column-1\"><center>19<\/td><td class=\"column-2\"><center>AFBR 19 100 E<\/td><td class=\"column-3\"><center>12 x 1<\/td><td class=\"column-4\"><center>AFBR 19 100 EA<\/td><td class=\"column-5\"><center>12 x 1<\/td>\n<\/tr>\n<tr class=\"row-7\">\n\t<td class=\"column-1\"><center>25<\/td><td class=\"column-2\"><center>AFBR 25 100 E<\/td><td class=\"column-3\"><center>9 x 1<\/td><td class=\"column-4\"><center>AFBR 25 100 EA<\/td><td class=\"column-5\"><center>9 x 1<\/td>\n<\/tr>\n<tr class=\"row-8\">\n\t<td class=\"column-1\"><center>32<\/td><td class=\"column-2\"><center>AFBR 32 100 E<\/td><td class=\"column-3\"><center>7 x 1<\/td><td class=\"column-4\"><center>AFBR 32 100 EA<\/td><td class=\"column-5\"><center>7 x 1<\/td>\n<\/tr>\n<tr class=\"row-9\">\n\t<td class=\"column-1\"><center>50<\/td><td class=\"column-2\"><center>AFBR 50 100 E<\/td><td class=\"column-3\"><center>5 x 1<\/td><td class=\"column-4\"><center>AFBR 50 100 EA<\/td><td class=\"column-5\"><center>5 x 1<\/td>\n<\/tr>\n<tr class=\"row-10\">\n\t<td class=\"column-1\">Toler\u00e2ncia na espessura<\/td><td colspan=\"4\" class=\"column-2\">e \u2264 6mm: \u00b1 1mm<br><br \/>\ne \u2264 19mm: \u00b1 1,5mm<br><br \/>\ne \u2264 32mm: \u00b1 2,0mm<br><br \/>\ne > 32mm: \u00b1 3,0mm<br><\/td>\n<\/tr>\n<tr class=\"row-11\">\n\t<td class=\"column-1\">Toler\u00e2ncia na largura<\/td><td colspan=\"4\" class=\"column-2\">\u00b1 2%<\/td>\n<\/tr>\n<tr class=\"row-12\">\n\t<td class=\"column-1\">Comprimento no comprimento<\/td><td colspan=\"4\" class=\"column-2\">\u00b1 1,5%<\/td>\n<\/tr>\n<\/tbody>\n<\/table>\n<!-- #tablepress-12 from cache -->[\/vc_column_text][\/vc_column][\/vc_row]<\/p>\n<\/div>","protected":false},"excerpt":{"rendered":"<p>Isolante t\u00e9rmico em espuma elastom\u00e9rica Armacell AFBR com prote\u00e7\u00e3o antimicrobiana em forma de mantas e tubos.<\/p>\n","protected":false},"featured_media":1549,"template":"","meta":[],"product_brand":[],"product_cat":[59,57,63],"product_tag":[66,159,108,53,65,51,43,41,67],"class_list":{"0":"post-2403","1":"product","2":"type-product","3":"status-publish","4":"has-post-thumbnail","6":"product_cat-hvac","7":"product_cat-industria","8":"product_cat-tubulacao","9":"product_tag-armacell","10":"product_tag-armaflex","11":"product_tag-baixa-temperatura","12":"product_tag-construcao-civil","13":"product_tag-espuma-elastomerica","14":"product_tag-hvac","15":"product_tag-industria","16":"product_tag-manta","17":"product_tag-polipex","19":"first","20":"instock","21":"shipping-taxable","22":"product-type-simple"},"_links":{"self":[{"href":"https:\/\/isolan.com.br\/armacell\/wp-json\/wp\/v2\/product\/2403","targetHints":{"allow":["GET"]}}],"collection":[{"href":"https:\/\/isolan.com.br\/armacell\/wp-json\/wp\/v2\/product"}],"about":[{"href":"https:\/\/isolan.com.br\/armacell\/wp-json\/wp\/v2\/types\/product"}],"wp:featuredmedia":[{"embeddable":true,"href":"https:\/\/isolan.com.br\/armacell\/wp-json\/wp\/v2\/media\/1549"}],"wp:attachment":[{"href":"https:\/\/isolan.com.br\/armacell\/wp-json\/wp\/v2\/media?parent=2403"}],"wp:term":[{"taxonomy":"product_brand","embeddable":true,"href":"https:\/\/isolan.com.br\/armacell\/wp-json\/wp\/v2\/product_brand?post=2403"},{"taxonomy":"product_cat","embeddable":true,"href":"https:\/\/isolan.com.br\/armacell\/wp-json\/wp\/v2\/product_cat?post=2403"},{"taxonomy":"product_tag","embeddable":true,"href":"https:\/\/isolan.com.br\/armacell\/wp-json\/wp\/v2\/product_tag?post=2403"}],"curies":[{"name":"wp","href":"https:\/\/api.w.org\/{rel}","templated":true}]}}