{"id":2567,"date":"2021-12-13T12:57:46","date_gmt":"2021-12-13T15:57:46","guid":{"rendered":"https:\/\/isolan.com.br\/?post_type=product&#038;p=2360"},"modified":"2024-10-04T14:58:28","modified_gmt":"2024-10-04T17:58:28","slug":"suporte-armafix","status":"publish","type":"product","link":"https:\/\/isolan.com.br\/armacell\/produtos\/suporte-armafix\/","title":{"rendered":"Suporte Armafix"},"content":{"rendered":"<div class=\"wpb-content-wrapper\"><p>[vc_row][vc_column][vc_column_text]<\/p>\n<blockquote><p><strong>SUPORTE ESTRUTURADO DE ESPUMA R\u00cdGIDA<\/strong><\/p><\/blockquote>\n<p>O Armafix BR \u00e9 um suporte estruturado de espuma r\u00edgida para pontos de sustenta\u00e7\u00e3o ou apoio de linhas tubulares isoladas com espuma elastom\u00e9rica, a fim de evitar esmagamento\/redu\u00e7\u00e3o de espessura do isolamento.[\/vc_column_text][\/vc_column][\/vc_row][vc_row][vc_column]<div class=\"text-left\"><h2 style=\"color:\">Informa\u00e7\u00f5es Complementares<\/h2><div class=\"edge-seprator\"><\/div><\/div>[vc_empty_space][vc_btn title=&#8221;Cat\u00e1logo&#8221; style=&#8221;flat&#8221; shape=&#8221;square&#8221; color=&#8221;primary&#8221; size=&#8221;lg&#8221; i_icon_fontawesome=&#8221;fas fa-file-alt&#8221; css=&#8221;&#8221; add_icon=&#8221;true&#8221; link=&#8221;url:http%3A%2F%2Fisolan.com.br%2Fwp-content%2Fuploads%2Fisolan-armafix.pdf|title:Cat%C3%A1logo%20Suporte%20Armafix|target:_blank&#8221;][\/vc_column][\/vc_row]<\/p>\n<\/div>","protected":false},"excerpt":{"rendered":"<p>Suporte estruturado para pontos de sustenta\u00e7\u00e3o ou apoio de linhas tubulares isoladas em espuma elastom\u00e9rica.<\/p>\n","protected":false},"featured_media":2562,"template":"","meta":[],"product_brand":[],"product_cat":[68,59],"product_tag":[167,66,108,65,51,43,166],"class_list":{"0":"post-2567","1":"product","2":"type-product","3":"status-publish","4":"has-post-thumbnail","6":"product_cat-acessorios","7":"product_cat-hvac","8":"product_tag-acessorio","9":"product_tag-armacell","10":"product_tag-baixa-temperatura","11":"product_tag-espuma-elastomerica","12":"product_tag-hvac","13":"product_tag-industria","14":"product_tag-suporte","16":"first","17":"instock","18":"shipping-taxable","19":"product-type-simple"},"_links":{"self":[{"href":"https:\/\/isolan.com.br\/armacell\/wp-json\/wp\/v2\/product\/2567","targetHints":{"allow":["GET"]}}],"collection":[{"href":"https:\/\/isolan.com.br\/armacell\/wp-json\/wp\/v2\/product"}],"about":[{"href":"https:\/\/isolan.com.br\/armacell\/wp-json\/wp\/v2\/types\/product"}],"wp:featuredmedia":[{"embeddable":true,"href":"https:\/\/isolan.com.br\/armacell\/wp-json\/wp\/v2\/media\/2562"}],"wp:attachment":[{"href":"https:\/\/isolan.com.br\/armacell\/wp-json\/wp\/v2\/media?parent=2567"}],"wp:term":[{"taxonomy":"product_brand","embeddable":true,"href":"https:\/\/isolan.com.br\/armacell\/wp-json\/wp\/v2\/product_brand?post=2567"},{"taxonomy":"product_cat","embeddable":true,"href":"https:\/\/isolan.com.br\/armacell\/wp-json\/wp\/v2\/product_cat?post=2567"},{"taxonomy":"product_tag","embeddable":true,"href":"https:\/\/isolan.com.br\/armacell\/wp-json\/wp\/v2\/product_tag?post=2567"}],"curies":[{"name":"wp","href":"https:\/\/api.w.org\/{rel}","templated":true}]}}